 (9 + (-16)/4)*-1. Let a(l) = -2*l**3 - 5*l**2 - 4. Let s be a(d). Calculate the greatest common divisor of s and 11.
11
Suppose -4*a + 5*p = 0, 2*a + 4*p = 4*a. Let b be ((a - 3) + 4)*1. Suppose 0 = 4*i - 3*r + 8*r + b, 5 = -r. Calculate the greatest common factor of 30 and i.
6
Let x = -518 - -654. Calculate the highest common divisor of x and 34.
34
Suppose -4*z - 15 = -4*t + 389, -4*z = -2*t + 196. Calculate the highest common divisor of 56 and t.
8
Let r(y) = -10*y**3 - 3*y**2 + 3*y. Let g be r(-3). Let u be 2 + -4 - -4 - -3. Let d be 30 - (u - 1)/1. What is the greatest common divisor of d and g?
26
Suppose 4*j - 9 + 41 = 0. Let r(p) = p + 13. Let o be r(j). Calculate the highest common divisor of 5 and o.
5
Let o be 18/14 - 1 - (-979)/77. Calculate the highest common divisor of 208 and o.
13
Suppose 5*w + 59 + 1 = 0. Let x(y) = y**3 + 11*y**2 - 15*y. Let h be x(w). Let i(l) = -90*l. Let q be i(-1). What is the greatest common divisor of q and h?
18
Let w be ((-55)/(-1))/(4/8). Let z be 2/10 + 12298/w. What is the highest common divisor of 16 and z?
16
Let d(x) = x**3 + 8*x**2 + 8*x + 17. Let j be d(-7). Let p be -3 + 73/5 + (-6)/j. What is the greatest common factor of p and 33?
11
Suppose -142*c - 3105 = -157*c. Let w(o) = -o**2 + 23. Let i be w(0). Calculate the highest common divisor of c and i.
23
Let l = 47 + -12. What is the highest common divisor of l and 20?
5
Let w be 59/236*(20 - 0). Calculate the highest common factor of 5 and w.
5
Suppose 4*s + 54*s - 6728 = 0. Calculate the highest common divisor of s and 1450.
58
Let i = 12 + -9. Suppose -5*c + 13 - i = 0. Let a be 33 + (-1 - c) + 0. Calculate the greatest common divisor of 15 and a.
15
Suppose s + 0*k + 3 = 5*k, 0 = -s - 3*k + 13. Let g be (-18)/s*(-7 - 7). Calculate the greatest common divisor of 36 and g.
36
Let q = -1597 - -1685. Calculate the highest common divisor of q and 198.
22
Suppose 0 = -3*m + 8*m, -224 = -4*v + 5*m. Calculate the greatest common divisor of 6 and v.
2
Let c be (0 + 9/6)*24/18. Suppose 4 + 8 = c*w. Calculate the greatest common divisor of 6 and w.
6
Let s = 252 - 256. Suppose -805 = -2*l - 2*l - 5*p, 599 = 3*l - p. Let k be l/15 + s/(-6). What is the greatest common divisor of k and 28?
14
Let s be (1 - 1)*(3 - 2). Let h be 35 + 1 + s - (4 - 8). Suppose 0*q = 2*q - 16. Calculate the greatest common factor of q and h.
8
Suppose y + 5*v + 11 + 1 = 0, 0 = -v - 3. Suppose 2 = -y*k + 2*i + 64, -i = -3*k + 67. What is the greatest common factor of k and 36?
12
Let z be -2 - ((-12)/(-6) + -4) - -14. Let c be ((-24)/(-15))/(-4)*-45. Let q be 1 + 5/(15/c). What is the greatest common divisor of z and q?
7
Let x(q) = -q**2 + 13*q - 15. Let h be x(10). Suppose -14*o = -h*o + 32. What is the highest common factor of o and 80?
16
Suppose -5*g - 3*h = -9, -12 = -g + 3*h - 7*h. Suppose g = y + 4*y - 100. Let k = 8 - 0. Calculate the highest common divisor of k and y.
4
Suppose -18 = -2*j + o, 4*j + 2*o - 64 = -3*o. Let z(k) = k**3 - 12*k**2 + 10*k + 14. Let q be z(j). Calculate the highest common divisor of q and 9.
3
Let y(o) = 28*o - 370. Let i be y(15). Suppose -m + 8 = m. Let j be (4/3)/(m/30). What is the highest common factor of i and j?
10
Let k(o) = -o**2 - 36*o - 3. Let h be k(-15). Calculate the highest common factor of 143 and h.
13
Let n(l) = l**2 - 14*l + 25. Let u be n(17). Suppose 0 = -4*c - 16 + u. Let p = 12 + -2. Calculate the greatest common divisor of p and c.
5
Suppose -8*x + 5*x = 0. Suppose 4*p + 24 = 4*g, -5*p - 5 = -x. Suppose g*a - 12 = -k, 0 = k + 2*a - 3 - 3. Calculate the greatest common factor of k and 1.
1
Suppose -3*i = 5*d - 225 + 69, 208 = 4*i + d. Calculate the greatest common factor of 403 and i.
13
Let u(a) = -a + 13. Let g be (-14)/(-1 + 0 - -3). Let p be u(g). Calculate the highest common divisor of 50 and p.
10
Let o(j) = 3*j - 39. Let v be o(22). Suppose -22 - v = -7*b. What is the highest common factor of 63 and b?
7
Let a(q) = q**2 + 2*q - 5. Let b be a(3). Let t be 28/5 + b/25. Suppose -t + 0 = -3*r. Calculate the highest common factor of 5 and r.
1
Let l be 16 + 1 - (-8)/2. Let m = l - 0. Suppose 2*u - 5*o = 3*u - 17, 4*o = -5*u + 43. What is the highest common factor of u and m?
7
Let b(c) be the first derivative of -c**4/4 + 5*c**3 - 13*c**2/2 + 15. Let q be b(14). Calculate the greatest common factor of q and 35.
7
Suppose 0 = -k - 4*k + 70. Suppose -10*z + k*z = 60. Calculate the highest common divisor of z and 15.
15
Let m be (21 + -22)*(-62)/(2/2). What is the greatest common factor of 1178 and m?
62
Let c(q) = 11*q**2 - 1 + 3 + q**3 - 49*q + 38*q. Let y be c(-6). Calculate the highest common factor of y and 31.
31
Suppose 0 = 141*g - 16770 + 2106. Calculate the greatest common divisor of 1066 and g.
26
Suppose -4*c - 5032 = -15*d + 12*d, 4*c + 8392 = 5*d. What is the greatest common factor of 120 and d?
120
Let l be 38/6 - ((-155)/(-15) - 10). Calculate the highest common factor of l and 21.
3
Let b be ((-7)/3)/(3/(-126)). Suppose 227 = 5*m - b. Suppose 0 = 2*r - 3*t + t - 46, r - 5*t = 11. What is the greatest common factor of m and r?
13
Let i be 12/((-395)/(-190) - 2). Suppose i = 6*j - 2*j. Suppose -105 = -5*b - 10. What is the greatest common divisor of b and j?
19
Let y(u) = -2*u + 2. Let c be y(0). Suppose 5*m - 20 = 0, c*m = -2*d + 13 + 33. What is the highest common divisor of 133 and d?
19
Suppose -7*s + 4*a - 141 = -12*s, -2*s = 4*a - 54. Calculate the greatest common factor of s and 406.
29
Let q be (-48)/216 - (-508)/18. What is the greatest common divisor of 1204 and q?
28
Let c(b) = -b + 1. Let p be c(-8). Let t be (p + -5)/(8/28). Calculate the greatest common factor of 56 and t.
14
Suppose -4*z = -3*z. Suppose z = -55*t + 51*t + 132. Calculate the highest common factor of t and 3.
3
Let x(w) = w**2 + 11. Suppose 2 + 1 = p. Suppose 2*t - 10 = -p*a, -6*a + 5*a - 2*t = -10. Let d be x(a). What is the highest common factor of d and 1?
1
Suppose -3*n - 252 = 5*t, -4*t - 227 = 4*n + 101. Let d = n + 139. Let q be (-358)/(-9) + 4/18. Calculate the highest common divisor of d and q.
20
Let v(x) = -1 - 22*x + 15*x - 2. Let a be v(-2). What is the greatest common divisor of 33 and a?
11
Let k = -127 + 149. Calculate the greatest common factor of k and 11.
11
Let k be ((-40)/(-3))/(58/261). Calculate the highest common divisor of 780 and k.
60
Let j be 27/((-5)/(-4)*(-84)/(-70)). Calculate the highest common divisor of 24 and j.
6
Suppose 2*q + 4*y = -44, 2*q + 3*y = -3*q - 89. Let n be (-3186)/(-10) - q/40. Let k be 2 + 4/((-8)/(-54)). What is the highest common factor of n and k?
29
Suppose 26620 = 23*i + 21*i. What is the highest common divisor of i and 15?
5
Suppose -32 = 5*r + 13. Let f = r + 9. Suppose 3*l + f*l - 312 = 0. Calculate the greatest common divisor of l and 13.
13
Suppose 14963 + 12549 = 38*k. Calculate the highest common factor of 4 and k.
4
Let x(v) = -v + 45. Let q be x(28). Calculate the greatest common divisor of q and 289.
17
Let n be 14/((-4)/(-70)*85/68). What is the greatest common factor of n and 4?
4
Suppose -416 = 7*t - 11*t. Calculate the highest common factor of 4 and t.
4
Let l = 6 + 15. Let m = -308 + 329. Calculate the highest common divisor of l and m.
21
Let h be (252/(-60)*-1)/(1/30). Calculate the greatest common divisor of h and 54.
18
Let y = 6740 + -6735. Let w = 13 - 8. What is the greatest common factor of y and w?
5
Suppose 5*h + 20 = 0, 5*h - 140 = 2*g - 7*g. Let y = 533 - 293. Suppose -3*k + 0*k = -y. Calculate the greatest common divisor of g and k.
16
Suppose 1661 = 24*z - 3619. Calculate the highest common divisor of 80 and z.
20
Suppose -3*d = 4*n - 20, 0*d = 2*d - 2*n + 10. Let j be (5 - -20)/(3 - (2 + d)). What is the greatest common divisor of j and 25?
25
Let x(m) = -m**2 - 18*m + 15. Let w be x(-17). Suppose -2*q - 58 = -2*r - 0*q, r - w = -2*q. What is the highest common divisor of 12 and r?
6
Let b(q) = -q + 5. Let a be b(4). Let r(h) = 4*h**2 - a - h**2 + 35*h - 39*h. Let f be r(3). What is the highest common divisor of 126 and f?
14
Suppose 0 = 5*l - 25. Let h = 38 + -36. Calculate the greatest common factor of l and h.
1
Let n = 854 + -1244. Let o be (n/4)/((-17)/34). Calculate the highest common factor of 15 and o.
15
Suppose 0 = -27*s +